83
In base 9, what is 0 - -15043?
15043
In base 11, what is 70a035 - -4?
70a039
In base 11, what is -5 - -3583?
3579
In base 15, what is -e - -978c?
977d
In base 10, what is 52738 + -13?
52725
In base 2, what is -10001001010 + -101101000?
-10110110010
In base 7, what is -110432 + -10?
-110442
In base 6, what is -1 - -105124?
105123
In base 15, what is -5 + -3c84?
-3c89
In base 14, what is -2 - 6937?
-6939
In base 3, what is -1020 - 1120111112?
-1120112202
In base 8, what is 114 + -23154?
-23040
In base 4, what is -100302230 + 11?
-100302213
In base 8, what is -210 - -1666?
1456
In base 11, what is 403267 - -4?
403270
In base 12, what is 1bb7 - -3a9?
23a4
In base 5, what is 12 + 214320?
214332
In base 8, what is -1477 + 101?
-1376
In base 9, what is 72318 - -2?
72321
In base 16, what is -5 - 2f7c?
-2f81
In base 5, what is 1 + 2241021?
2241022
In base 4, what is 2 + 2031121?
2031123
In base 5, what is 10 + 21343120?
21343130
In base 4, what is 12 + -100203120?
-100203102
In base 3, what is -11 - -12121212012?
12121212001
In base 5, what is -33132 - -13114?
-20013
In base 5, what is 22443323 - 2?
22443321
In base 6, what is 1 + 325414?
325415
In base 10, what is -138040 + 5?
-138035
In base 13, what is 776 + -2?
774
In base 11, what is -1533 + -3?
-1536
In base 11, what is -4247 + 120?
-4127
In base 12, what is 498 - -383?
85b
In base 5, what is 12 + 133010?
133022
In base 2, what is -1011001111 + -110001?
-1100000000
In base 16, what is -495 + -1d?
-4b2
In base 2, what is 100110101100 + -101011?
100110000001
In base 16, what is 19a26 + 3?
19a29
In base 6, what is 5540002 - 2?
5540000
In base 3, what is -2002002002 - -202?
-2002001100
In base 14, what is -36 + -bc0?
-c16
In base 12, what is -15b - 4b9?
-658
In base 7, what is -2 - -2051536?
2051534
In base 10, what is 2161 + -6?
2155
In base 8, what is -172340 + 4?
-172334
In base 5, what is -4 - 14402130?
-14402134
In base 16, what is b542 - 1?
b541
In base 11, what is 1533 + -25?
1509
In base 10, what is -745 - 341?
-1086
In base 5, what is -3 - -41043441?
41043433
In base 15, what is 740b + -a?
7401
In base 12, what is -177aa9 + -2?
-177aab
In base 10, what is 158 + -467?
-309
In base 14, what is 220 + -4?
21a
In base 6, what is 4242 - -33?
4315
In base 8, what is -15400 + 50?
-15330
In base 12, what is 334 + -45a?
-126
In base 10, what is 1 + -121005?
-121004
In base 9, what is -7444 + 104?
-7340
In base 12, what is 33 + 453a2?
45415
In base 11, what is -2 - -239646?
239644
In base 14, what is 41dd + -6?
41d7
In base 15, what is 2249b - -1?
2249c
In base 11, what is 8 - -6656?
6663
In base 8, what is 0 + 1274?
1274
In base 2, what is -1001001101111010 + 100?
-1001001101110110
In base 9, what is 6547 + 8?
6556
In base 4, what is 202 - -332032?
332300
In base 7, what is 1 - 12215321?
-12215320
In base 11, what is 584 - -113?
697
In base 3, what is 200010000 + 12?
200010012
In base 8, what is 24 - 5042?
-5016
In base 2, what is 10010111011 + 1011111100?
11110110111
In base 12, what is 6a297 + -7?
6a290
In base 12, what is -355 - -20?
-335
In base 13, what is 13807a - 6?
138074
In base 9, what is -5752 - -5?
-5746
In base 5, what is -12102214 - 1?
-12102220
In base 4, what is 2 + -201232?
-201230
In base 15, what is -7 - -a06?
9ee
In base 4, what is 1031233133 - -2?
1031233201
In base 13, what is 229a723 - 3?
229a720
In base 16, what is 31a + 16?
330
In base 16, what is -930 - 0?
-930
In base 8, what is -1631 + 411?
-1220
In base 11, what is -227 - -8a?
-148
In base 8, what is 3531 + -1724?
1605
In base 4, what is 200033 + -20?
200013
In base 15, what is -b7b80a - -5?
-b7b805
In base 4, what is 10 + 1232211130?
1232211200
In base 15, what is 10da - a?
10d0
In base 3, what is -1112101110 - 0?
-1112101110
In base 12, what is 3 + -573015?
-573012
In base 4, what is 200201013 + 3?
200201022
In base 13, what is -5382a - -4?
-53826
In base 5, what is 103 - -1344?
2002
In base 5, what is 12 + 133342?
133404
In base 5, what is -244 - -121130?
120331
In base 9, what is -11 + 536321?
536310
In base 12, what is -4b8b0 + 1?
-4b8ab
In base 12, what is 1153a8 - -3?
1153ab
In base 5, what is 10 + 340324032?
340324042
In base 7, what is -161063 - 66?
-161162
In base 13, what is -2 - -32607?
32605
In base 11, what is -21477 + -4?
-21480
In base 10, what is 49 + -333?
-284
In base 12, what is -5 + 14b9?
14b4
In base 10, what is -4337 - -80?
-4257
In base 9, what is -8070434 + -1?
-8070435
In base 7, what is 6 + 250441?
250450
In base 13, what is 29b + 7b4?
a82
In base 10, what is -13 + -37115?
-37128
In base 12, what is -1aa17 + 0?
-1aa17
In base 2, what is -1011001010 - -100010011000?
10111001110
In base 3, what is 2202211 - -120?
2210101
In base 4, what is -1130 + -2222?
-10012
In base 9, what is -13650 - -26?
-13623
In base 7, what is 104 + -45306?
-45202
In base 13, what is -87c - -34?
-848
In base 13, what is -2 - -1c931?
1c92c
In base 3, what is 1 - -10201212202?
10201212210
In base 8, what is 3 + -3776366?
-3776363
In base 4, what is 30121 + -202?
23313
In base 10, what is 19688 - 4?
19684
In base 11, what is -2694a5 - -8?
-269498
In base 6, what is 10020144 - -3?
10020151
In base 3, what is -11100211 - 10?
-11100221
In base 16, what is 7465 - b0?
73b5
In base 11, what is 141 - -430?
571
In base 8, what is -7 + -244726?
-244735
In base 7, what is 46151 - 1?
46150
In base 6, what is -13323002 + -11?
-13323013
In base 16, what is -2ea + 9d?
-24d
In base 9, what is 3743 - 4?
3738
In base 13, what is -a0c - -464?
-578
In base 9, what is -3348 - 26?
-3375
In base 4, what is 3 - 2012230?
-2012221
In base 14, what is 3dc5 - -3?
3dc8
In base 14, what is -1 + 169c2?
169c1
In base 16, what is -382a + -1?
-382b
In base 12, what is 13 - -2b01?
2b14
In base 5, what is 1414 - -34433?
41402
In base 3, what is -112000011 + -11021?
-112011102
In base 3, what is 20221200 - 201022?
20020101
In base 5, what is 120444 - -10?
121004
In base 14, what is -2138a - 0?
-2138a
In base 13, what is 82349 + 2?
8234b
In base 9, what is 33 - 5700?
-5656
In base 4, what is -1023320 + -11?
-1023331
In base 13, what is -577 + 49?
-52b
In base 16, what is e + -ea5?
-e97
In base 2, what is -11 + -100111010000100111?
-100111010000101010
In base 4, what is -10 - -13211023?
13211013
In base 2, what is -101 + -1000101011111010?
-1000101011111111
In base 14, what is 664c - 11?
663b
In base 10, what is 51186 - 14?
51172
In base 12, what is -22345 - -3?
-22342
In base 12, what is 7 + -6a3a9?
-6a3a2
In base 7, what is -46661 + -5?
-46666
In base 6, what is 235 + -122021?
-121342
In base 2, what is -110011 + -10110011110011111?
-10110011111010010
In base 5, what is 31 - 201043?
-201012
In base 9, what is -1 + -163755?
-163756
In base 11, what is 14 + -12a12?
-129a9
In base 10, what is 7409 + 56?
7465
In base 6, what is -234 + 112454?
112220
In base 9, what is -1 + -78563?
-78564
In base 2, what is -11011010000 + 1011011011?
-1111110101
In base 9, what is -1110 - 81?
-1201
In base 11, what is -6173 - -3?
-6170
In base 4, what is 31101313 - -2?
31101321
In base 10, what is 2 + 10996?
10998
In base 5, what is 20311 + 234?
21100
In base 14, what is 27 + 22904?
2292b
In base 14, what is -a65 - b?
-a72
In base 2, what is 101010000000 - 10000?
101001110000
In base 3, what is -111 + 1100102?
1022221
In base 13, what is -74b + -35?
-783
In base 16, what is 4c71f - -2?
4c721
In base 6, what is -1322345 - -15?
-1322330
In base 12, what is 0 - 2b70?
-2b70
In base 14, what is 3 + 102c4?
102c7
In base 3, what is -1012 + -1?
-1020
In base 3, what is -2210212002 - -12?
-2210211220
In base 6, what is 1340153 + 1?
1340154
In base 4, what is 112030023 + 10?
112030033
In base 16, what is -1d4d4 - -2f?
-1d4a5
In base 8, what is 3401 + 2052?
5453
In base 14, what is -46 - -c43?
bdb
In base 12, what is -36 - 931?
-967
In base 8, what is 1607 - -363?
2172
In base 11, what is -3 - -256029?
256026
In base 6, what is 45 + 411?
500
In base 13, what is -340c + 2?
-340a
In base 13, what is -10c - -139?
2a
In base 14, what is -18cc8 - -5b?
-18c6b
In base 14, what is 5 + 9a63?
9a68
In base 16, what is -5 - 1a12?
-1a17
In base 13, what is 1a + 1448?
1465
In base 9, what is 576757 + -2?
576755
In base 4, what is -1123 - -13133?
12010
In base 9, what is -215 - -252?
36
In base 2, wh